ors of b.
3
Let x(r) = 63*r + 1. Let t(i) = i**3 - 4*i**2 - i + 3. Let o be t(4). Let f be x(o). List the prime factors of (f/3)/((-11)/33).
2, 31
Suppose 0 = -21*x - 0*x + 61236. What are the prime factors of x?
2, 3
Suppose 539 = 2*t - 781. Suppose 111*w - t = 106*w. List the prime factors of w.
2, 3, 11
Let g = -1260 - -1269. Let k(t) be the first derivative of 5*t**2/2 - 8*t + 1. List the prime factors of k(g).
37
Let b = -350 + 450. Suppose -3*n - 2*n = 340. Let d = b + n. What are the prime factors of d?
2
Let g be ((-14)/2)/(-1) - -1. Let h = g + -12. List the prime factors of ((-34)/(-6))/(h/(-12)).
17
Let h = 75 + -54. Suppose 4*b - h + 9 = 0. List the prime factors of (-2)/4*(-1 - b).
2
Let d be 6/(4/12*-2). Let p be (-9)/(d/(-4)) - -8. Suppose 0*r = -p*r + 156. What are the prime factors of r?
3, 13
Let u(w) = -3*w + 2. Let o be u(7). List the prime factors of (779/o)/(-1 - 0).
41
Suppose -10*d = -2564 + 424. List the prime factors of d.
2, 107
Let q be (14/(-21))/(2/(-12)). Suppose 2*y = -q*f + 240, -4*f - 624 = -5*y - 6*f. What are the prime factors of y?
2, 3, 7
Let f(n) = 4*n + 111*n**2 + 4 + 0 - 1 + 1. List the prime factors of f(-1).
3, 37
Let b be (15 - 19)*(1 + (-6)/2). Suppose -b*k + 144 = -4*k. What are the prime factors of k?
2, 3
Let z(i) = i - 6. Let t be z(6). Suppose -w - w + 4 = t. What are the prime factors of 4/((-3)/((-9)/w))?
2, 3
Let x = 6 + -2. Suppose 120 - 28 = x*p. What are the prime factors of p?
23
Suppose -2*y - 3*o = -6140, -4*o = 2*y - 8*o - 6154. List the prime factors of y.
7, 439
Suppose 189*r - 204*r = -47010. List the prime factors of r.
2, 1567
Let r(f) = -f**3 - 11*f**2 + 12*f + 9. Let k be r(-12). Let j = 12 + k. What are the prime factors of j?
3, 7
Let s be (8166/16 - 0) + 36/(-96). Suppose 526 = 4*p + 6*m - m, 4*p - 3*m - s = 0. List the prime factors of p.
3, 43
List the prime factors of 711 - (5 + -4)*8.
19, 37
Suppose -2*k = -3*l + 307, -3*k - l = -44 + 521. Let r = k - -337. What are the prime factors of r?
179
Let s(h) = 5*h - 7*h + h + h**2 + 0*h**3 + 4*h**3. Let d = 4 + -2. What are the prime factors of s(d)?
2, 17
Let w be 4*(25/(-4) + 3). Let k = w + 13. Suppose -29 = -z + 3*g, k*z + 41 = z + g. What are the prime factors of z?
2, 19
Let r(y) = 30*y**2 - 15*y - 48. List the prime factors of r(-5).
3, 7, 37
Let g be (-1833)/(-3) + (-2 + 3)*-1. List the prime factors of (g/6 - -1) + 4/(-6).
2, 3, 17
Let l = -6 + 14. Suppose -6*u + l*u + 2 = 0. What are the prime factors of u + 56 + (12 - 13)?
2, 3
Suppose -44 + 1094 = -10*z. Let q = -95 - z. List the prime factors of q.
2, 5
Let d be 6*(1 - (-1)/(-2)). Suppose -4*p + p - d = 0. Let n = p - -4. What are the prime factors of n?
3
Let c be (1 + -31)*(-22)/55. Suppose -c = f - 5*f. Suppose f*p = 2*p + 21. What are the prime factors of p?
3, 7
Suppose -16*v = -17*v + 2. Let h = -10 + v. Let s = 57 + h. List the prime factors of s.
7
Let z = 393 + -181. Suppose -80 = -2*q + z. What are the prime factors of q?
2, 73
Let w(x) = -x**3 + 13*x**2 + 10*x - 19. What are the prime factors of w(10)?
3, 127
Suppose -135 + 6 = 3*a. Let d = -26 - a. List the prime factors of d.
17
Suppose 4*v - 6 = 5*z, z + 5 = -4*v - 1. Let d be 3/(4/(-8)*z). List the prime factors of (53 - -19)*2/d.
2, 3
Suppose 4*h = 4*k, 6*k = 5*h + 2*k - 5. Suppose -2*z - 309 = -h*z. Let r = -38 + z. List the prime factors of r.
5, 13
What are the prime factors of (6 + 2 + 0)*28?
2, 7
Let i = -636 + 1760. What are the prime factors of i?
2, 281
Let g(l) = -3*l**3 + 12*l**2 + 7*l + 12. Let t(y) = y**3 - y + 1. Let a(s) = -g(s) - 2*t(s). List the prime factors of a(13).
2, 3, 5
Suppose 3*l + 2424 = 4*k, -10*k + 1818 = -7*k + 3*l. List the prime factors of k.
2, 3, 101
Let a(l) = 79*l + 82. What are the prime factors of a(8)?
2, 3, 7, 17
What are the prime factors of 5 + (-24)/4 + 489?
2, 61
Let v = -33 + 63. List the prime factors of 3 + (-6)/v + (-276)/(-5).
2, 29
Suppose 0 = 4*f - t - 248, 4*f + 2*t - 319 + 59 = 0. Let x(m) = -1 - 16*m - 11*m + f*m. What are the prime factors of x(1)?
5, 7
List the prime factors of 1196 - 1 - (31 + -38) - -7.
3, 13, 31
Let v = 11 - 11. Let f(a) = -a**3 + a**2 + 59. Let i be f(v). Let r = -36 + i. List the prime factors of r.
23
Let u = 79 + -57. What are the prime factors of u?
2, 11
Let s(x) be the first derivative of -9*x**2 - 32*x - 27. What are the prime factors of s(-9)?
2, 5, 13
Suppose z - 795 = 6*z. Let p = z - -299. Suppose 0 = 4*j - k - p, -3*j - 3*k + 60 = -30. What are the prime factors of j?
2, 17
Let a(h) = -3*h**3 - 10*h**2 - h + 6. Let d(w) = 5*w**3 + 21*w**2 + 3*w - 13. Let i(j) = 7*a(j) + 4*d(j). List the prime factors of i(14).
2, 3, 5
Let r(b) = b**3 - 13*b**2 + 13*b + 12. Let s = 21 + -10. Let t be r(s). Let d = t + 132. List the prime factors of d.
3, 5
Let m = 241 + 101. Let t = m - 216. Suppose -4*j + 2*d + t = 0, j - 2*d = 17 + 7. What are the prime factors of j?
2, 17
Let s be ((-3)/(-2))/((18/20)/9). Suppose -18*r + 447 = -s*r. What are the prime factors of r?
149
Suppose -6*l = 23*l - 2204. What are the prime factors of l?
2, 19
Suppose -264 = -g + 4*m, 0 = -5*g + 5*m + 821 + 574. Let b = g + -188. List the prime factors of b.
2, 3
Let t(q) = -4 + q**2 + 11 - 3*q - q**3 - 8*q**2. Let k be t(-5). List the prime factors of (-12)/(-4) + 0 - k.
31
Let o(v) = 2*v**2 + v + 4. Let c be o(-12). Let k = c - 199. List the prime factors of k.
3
Suppose 5*n - 200 = 490. Let r = n + -84. List the prime factors of r.
2, 3
Let u be 3/(-2) - (0 - 225/10). Suppose 29 = -5*d - 1. Let m = u - d. What are the prime factors of m?
3
Let c(b) = -b**3 - 3*b**2 + 7*b + 9. Let p(d) = d**3 + 7*d**2 + 8*d - 5. Let x be p(-5). Let t be 3 + -3 - (x - 0). List the prime factors of c(t).
2, 3
Let l(y) = 12*y**3 + 2*y + 1. Let w be l(-1). Let o = w - -17. Let p(n) = 8*n - 4. List the prime factors of p(o).
2, 7
Suppose 2*f = 5*o - 64, -o - 2 + 22 = -4*f. Suppose 4*p - 4*m = -o, 3*p + 6 + 17 = -4*m. List the prime factors of (30 - p)/((-3)/(-6)).
2, 5, 7
Suppose -g - g = 3*x - 680, 0 = 5*x + 3*g - 1134. List the prime factors of x.
2, 3, 19
Let t be (10/(-6)*-1)/((-17)/(-102)). Suppose 2203 - 663 = t*h. What are the prime factors of h?
2, 7, 11
Suppose 2*i = -h + 587, 0*i = -4*i - 4*h + 1168. Let t = i - 193. What are the prime factors of t?
2, 3, 17
Let y(g) = 3*g**2 + 5*g - 3. Let i be y(-5). Let v = -73 + i. Let n = 6 - v. What are the prime factors of n?
2
Let u = 61 + -17. Suppose -3*s = s + u. Let t = 20 + s. What are the prime factors of t?
3
Let t(d) = 2*d + 44. Let c(g) = 15. Let a(s) = -17*c(s) + 6*t(s). What are the prime factors of a(19)?
3, 79
Let l(q) = -36*q + 992. What are the prime factors of l(0)?
2, 31
Let r be (-3 + 11 - 3) + 0/7. Suppose g + 6*c - c = 17, -r*g = 5*c - 145. What are the prime factors of g?
2
Suppose -257*m = -248*m - 33885. What are the prime factors of m?
3, 5, 251
Suppose 0*u + 3*c + 2407 = 2*u, 2*u + 3*c = 2425. What are the prime factors of u?
2, 151
Let f = 13 + 3. Let p = 19 - f. List the prime factors of (p*-1)/((-18)/186).
31
Let b(r) = r**3 + 7*r**2 - 7*r + 10. Let s be b(-8). Suppose 3*v - s*f = 157 + 173, -4*v = 3*f - 440. List the prime factors of v.
2, 5, 11
What are the prime factors of ((-666)/12)/((-13)/546)?
3, 7, 37
Let w = -23 + 25. Suppose -p + w*p = 297. Suppose -3*f + 0*z + 177 = -3*z, -4*z - p = -5*f. List the prime factors of f.
61
What are the prime factors of -3*(-1)/(7/2352)?
2, 3, 7
Let i = -74 - -66. Let p(w) = 4*w**2 + 3*w + 6. What are the prime factors of p(i)?
2, 7, 17
Let x = 1235 - 563. List the prime factors of x.
2, 3, 7
Let z(w) = w**2 + 3*w - 7. Suppose 2*r + 2*c = -3*c + 2, 35 = -3*r + 2*c. List the prime factors of z(r).
47
Let g(a) = 10*a**2 + 4*a - 4. Let t(n) = n**3 + 11*n**2 - 14*n - 22. Let x be t(-12). List the prime factors of g(x).
2, 11
Suppose -32 = 6*q - 140. List the prime factors of q.
2, 3
Let q(c) = 78*c + 323. What are the prime factors of q(14)?
5, 283
Let z be (-16)/(-6) - 2/(-6). Let a(g) = -5*g**2 - 2. Let p(h) = 14*h**2 + 7. Let u(f) = 8*a(f) + 3*p(f). List the prime factors of u(z).
23
Let a(f) = -3*f + 11. Let m be a(3). Suppose 0 = -m*z + 2 + 44. List the prime factors of z.
23
Let i be (2/(-2) - 2) + -1. Let k(j) be the second derivative of j**4/12